s the greatest common factor of 14180 and 5138832?
2836
What is the highest common divisor of 520098352 and 64?
16
Calculate the greatest common factor of 776 and 2991848.
8
Calculate the highest common divisor of 1973976398 and 62.
62
What is the highest common divisor of 904 and 159240052?
452
What is the highest common factor of 1395723622 and 4066?
4066
Calculate the highest common factor of 4860559 and 44165.
803
Calculate the highest common factor of 1423668 and 464.
116
Calculate the highest common factor of 13 and 9400651.
13
What is the greatest common factor of 24172 and 1132?
4
Calculate the highest common factor of 290714272 and 5904.
656
What is the greatest common factor of 158379480 and 17640?
2520
Calculate the greatest common factor of 19142087 and 904.
113
What is the greatest common factor of 534486660 and 1230?
1230
What is the greatest common factor of 78661030 and 210?
70
Calculate the greatest common factor of 38 and 29257454.
38
Calculate the greatest common factor of 16643 and 18887.
187
What is the greatest common factor of 3228 and 771348?
12
Calculate the highest common divisor of 104 and 118781.
13
What is the greatest common divisor of 801543 and 44067?
1191
Calculate the highest common factor of 23 and 133101621.
23
Calculate the greatest common divisor of 379428424 and 3174.
1058
What is the greatest common divisor of 30183077 and 4246?
193
Calculate the greatest common factor of 62460 and 254351.
347
What is the highest common divisor of 3969760449 and 213?
213
Calculate the highest common factor of 43905 and 165.
15
Calculate the highest common divisor of 16672530 and 15.
15
What is the highest common divisor of 5499488 and 534?
178
Calculate the greatest common factor of 144490 and 5870.
10
What is the greatest common factor of 53364 and 912?
12
What is the greatest common divisor of 28 and 39885874?
14
What is the highest common factor of 75 and 781951675?
25
Calculate the greatest common divisor of 10354 and 7839648.
334
Calculate the greatest common divisor of 1340 and 278241955.
335
What is the highest common factor of 5697 and 1571893452?
5697
What is the highest common divisor of 22100103 and 1603?
229
What is the highest common factor of 25890 and 719970?
30
What is the greatest common factor of 188139310 and 186?
62
What is the greatest common divisor of 520271 and 29857?
73
Calculate the highest common factor of 90 and 2166432.
6
What is the highest common factor of 1557841 and 42271?
1031
Calculate the greatest common factor of 15984 and 11709168.
1776
What is the highest common divisor of 13464 and 11071896?
4488
Calculate the highest common factor of 43 and 34976243.
43
What is the greatest common divisor of 650393 and 44749?
613
Calculate the greatest common divisor of 351486 and 278829.
621
Calculate the greatest common factor of 426118370 and 10.
10
Calculate the greatest common divisor of 925070 and 370.
10
Calculate the highest common factor of 44393693 and 246.
41
Calculate the highest common divisor of 84185747 and 771.
257
Calculate the highest common factor of 14 and 10657612.
14
Calculate the highest common divisor of 76335 and 298797.
2181
What is the greatest common divisor of 3483 and 31354353?
387
Calculate the greatest common divisor of 40861827 and 1574.
787
Calculate the greatest common factor of 203 and 4080195.
7
What is the greatest common divisor of 2541100 and 34300?
100
What is the greatest common divisor of 2686752 and 25632?
288
Calculate the highest common factor of 1421 and 12198473.
203
Calculate the highest common factor of 13959560 and 520.
40
What is the highest common factor of 4938 and 8366?
2
Calculate the greatest common factor of 40599 and 55047733.
4511
What is the highest common divisor of 1697748 and 54080?
52
Calculate the greatest common divisor of 40565 and 3251185.
665
What is the highest common divisor of 105 and 1437646?
7
Calculate the highest common factor of 3136902 and 996.
498
What is the greatest common divisor of 697 and 3431773?
17
Calculate the highest common factor of 724657 and 180839.
1301
Calculate the greatest common factor of 1466 and 67658.
2
What is the highest common factor of 1056 and 2017056?
96
Calculate the greatest common divisor of 5641101 and 3627.
279
Calculate the highest common factor of 435 and 1231530.
15
Calculate the highest common factor of 1842 and 1745602.
614
Calculate the highest common divisor of 242001 and 22842.
27
Calculate the highest common divisor of 164 and 1931660552.
164
Calculate the highest common divisor of 108350 and 129232.
394
What is the highest common divisor of 8134326 and 1566?
522
What is the highest common divisor of 141097 and 61105?
1111
Calculate the highest common divisor of 173804416 and 24976.
3568
Calculate the greatest common factor of 27460 and 3380.
20
What is the highest common divisor of 2 and 13726670?
2
Calculate the greatest common divisor of 829644 and 2726.
94
Calculate the highest common divisor of 1017 and 1432501.
113
What is the highest common factor of 54 and 809379468?
18
What is the highest common divisor of 3587371 and 190?
19
Calculate the highest common divisor of 1 and 11739589.
1
Calculate the greatest common factor of 1600280324 and 1604.
1604
Calculate the greatest common factor of 1306666 and 14944.
934
Calculate the highest common divisor of 1334 and 12150739.
667
Calculate the greatest common divisor of 77595 and 1181040.
105
What is the greatest common divisor of 348849 and 8051?
83
What is the greatest common factor of 5992270 and 435?
145
What is the highest common divisor of 4 and 1324881?
1
Calculate the greatest common divisor of 5027046 and 3546.
1182
Calculate the greatest common divisor of 1622796 and 1134.
42
Calculate the greatest common factor of 1726072686 and 468.
234
Calculate the highest common factor of 352 and 1394228.
44
What is the greatest common factor of 8785698 and 2?
2
Calculate the greatest common factor of 30149 and 135488.
73
Calculate the greatest common divisor of 935389 and 5733.
91
Calculate the highest common factor of 11078871 and 523773.
3063
Calculate the highest common divisor of 204 and 14011428.
12
What is the greatest common divisor of 24558448 and 8576?
1072
What is the highest common factor of 6183075 and 11685?
285
What is the greatest common factor of 40549563 and 15084?
3771
Calculate the greatest common factor of 73906881 and 354.
177
What is the greatest common factor of 65 and 353367235?
65
Calculate the highest common factor of 326679202 and 1494.
166
What is the highest common divisor of 13244 and 7405244?
308
What is the highest common factor of 369981 and 5538?
213
Calculate the highest common divisor of 9291 and 2211747.
489
What is the greatest common factor of 13771492 and 346?
346
What is the highest common factor of 3636900 and 972?
324
What is the greatest common factor of 118016 and 1325836?
1844
What is the greatest common factor of 29094 and 100714476?
2238
Calculate the highest common factor of 11821216 and 355.
71
What is the greatest common divisor of 404903 and 2333995?
2579
What is the highest common divisor of 326349 and 29157873?
4029
What is the greatest common divisor of 76 and 696503330?
38
What is the greatest common divisor of 2678423850 and 150?
150
Calculate the greatest common divisor of 9542 and 5569590.
26
What is the highest common factor of 161578294 and 2050?
82
What is the highest common divisor of 34078 and 22441912?
3098
Calculate the highest common divisor of 1182 and 28905.
3
What is the highest common factor of 677 and 6044256?
677
What is the highest common factor of 688 and 5080364?
172
Calculate the highest common factor of 490 and 66672060.
70
What is the highest common factor of 1204516 and 2632?
188
What is the highest common divisor of 7711325 and 2300?
575
Calculate the greatest common factor of 13596745 and 5.
5
What is the highest common divisor of 258920620 and 140?
140
Calculate the greatest common divisor of 37600 and 8161600.
800
What is the greatest common divisor of 31324984 and 1032?
344
What is the highest common divisor of 34601607 and 513?
27
What is the greatest common factor of 38379 and 32736?
33
What is the highest common divisor of 2236 and 343681